21 is divided by 7567.
21
Calculate the remainder when 338333 is divided by 137.
80
What is the remainder when 7694580 is divided by 355?
310
What is the remainder when 26606982 is divided by 26606968?
14
Calculate the remainder when 6298906 is divided by 21.
19
Calculate the remainder when 4245427 is divided by 92.
87
What is the remainder when 161680 is divided by 104?
64
What is the remainder when 972992 is divided by 487?
453
What is the remainder when 465410 is divided by 4901?
4716
Calculate the remainder when 844348 is divided by 2962.
178
Calculate the remainder when 60215 is divided by 8569.
232
Calculate the remainder when 13414568 is divided by 26.
24
Calculate the remainder when 11803880 is divided by 634.
68
What is the remainder when 20890066 is divided by 327?
325
What is the remainder when 343399 is divided by 6357?
121
Calculate the remainder when 2817778 is divided by 96.
82
Calculate the remainder when 472635 is divided by 157428.
351
What is the remainder when 2419 is divided by 855?
709
Calculate the remainder when 241635 is divided by 73.
5
Calculate the remainder when 329484818 is divided by 340.
338
What is the remainder when 15288880 is divided by 8920?
0
Calculate the remainder when 27498609 is divided by 27498603.
6
What is the remainder when 1019373 is divided by 2115?
2058
What is the remainder when 4917773 is divided by 11517?
14
Calculate the remainder when 224070 is divided by 962.
886
What is the remainder when 1474321 is divided by 96?
49
What is the remainder when 38290072 is divided by 343?
296
Calculate the remainder when 23734871 is divided by 375.
371
Calculate the remainder when 2707875 is divided by 81.
45
What is the remainder when 25213023 is divided by 13277?
0
What is the remainder when 75545 is divided by 108?
53
Calculate the remainder when 45150 is divided by 10112.
4702
Calculate the remainder when 67997 is divided by 2533.
2139
What is the remainder when 49129 is divided by 12149?
533
What is the remainder when 5560140 is divided by 1823?
1813
What is the remainder when 1821912 is divided by 1821415?
497
What is the remainder when 49292248 is divided by 225?
148
Calculate the remainder when 742604 is divided by 148497.
119
What is the remainder when 464972 is divided by 1761?
68
What is the remainder when 68897568 is divided by 6260?
8
What is the remainder when 4045922 is divided by 268?
194
Calculate the remainder when 141052 is divided by 140.
72
Calculate the remainder when 2219488 is divided by 1395.
43
Calculate the remainder when 3246220 is divided by 74.
62
Calculate the remainder when 647730 is divided by 107857.
588
Calculate the remainder when 591283 is divided by 65696.
19
What is the remainder when 202583400 is divided by 11?
8
Calculate the remainder when 15151669 is divided by 99.
16
Calculate the remainder when 15412485 is divided by 2568747.
3
What is the remainder when 77337 is divided by 504?
225
Calculate the remainder when 763413 is divided by 7634.
13
Calculate the remainder when 35088 is divided by 6754.
1318
Calculate the remainder when 675660 is divided by 59.
51
Calculate the remainder when 9507 is divided by 9500.
7
What is the remainder when 1303980172 is divided by 6?
4
Calculate the remainder when 275403 is divided by 908.
279
Calculate the remainder when 27737450 is divided by 61.
18
What is the remainder when 143570 is divided by 1717?
1059
What is the remainder when 379276363 is divided by 19?
16
Calculate the remainder when 1830569 is divided by 1258.
179
What is the remainder when 18726 is divided by 5630?
1836
Calculate the remainder when 174676622 is divided by 884.
874
What is the remainder when 570130 is divided by 81437?
71
Calculate the remainder when 22545891 is divided by 11272944.
3
What is the remainder when 13038622 is divided by 146500?
122
What is the remainder when 42340188 is divided by 897?
891
Calculate the remainder when 5949299 is divided by 1040.
499
Calculate the remainder when 1179083 is divided by 2507.
793
Calculate the remainder when 271472 is divided by 269330.
2142
Calculate the remainder when 28587 is divided by 48.
27
Calculate the remainder when 16574243 is divided by 25.
18
What is the remainder when 341903 is divided by 341477?
426
Calculate the remainder when 1736533 is divided by 192771.
1594
What is the remainder when 98586 is divided by 44?
26
Calculate the remainder when 1188780 is divided by 594069.
642
What is the remainder when 668163 is divided by 126?
111
What is the remainder when 2322729 is divided by 1753?
4
Calculate the remainder when 17613 is divided by 6001.
5611
Calculate the remainder when 424725659 is divided by 1770.
1769
Calculate the remainder when 2485543 is divided by 1356.
1351
Calculate the remainder when 297799 is divided by 587.
190
What is the remainder when 683709 is divided by 5064?
69
What is the remainder when 790747 is divided by 581?
6
Calculate the remainder when 23387512 is divided by 661.
10
Calculate the remainder when 6633627 is divided by 2764.
27
Calculate the remainder when 5214027 is divided by 2607009.
9
What is the remainder when 2850069 is divided by 256?
21
Calculate the remainder when 83358 is divided by 463.
18
Calculate the remainder when 184090 is divided by 8766.
4
What is the remainder when 1720619 is divided by 55?
54
Calculate the remainder when 7968871 is divided by 339.
337
What is the remainder when 21715 is divided by 7194?
133
Calculate the remainder when 130969 is divided by 329.
27
Calculate the remainder when 13451 is divided by 6243.
965
What is the remainder when 342016295 is divided by 26?
23
Calculate the remainder when 4781945 is divided by 277.
94
Calculate the remainder when 5108575 is divided by 1262.
1261
What is the remainder when 2302562 is divided by 328859?
549
Calculate the remainder when 11223 is divided by 682.
311
Calculate the remainder when 17262452 is divided by 4.
0
What is the remainder when 7888148 is divided by 3950?
3948
What is the remainder when 176694 is divided by 372?
366
Calculate the remainder when 10476981 is divided by 388036.
9
Calculate the remainder when 70841 is divided by 1111.
848
What is the remainder when 478558 is divided by 223?
0
What is the remainder when 2206568 is divided by 169736?
0
Calculate the remainder when 471042 is divided by 25.
17
Calculate the remainder when 1097413 is divided by 19.
11
Calculate the remainder when 153564 is divided by 51171.
51
Calculate the remainder when 59443046 is divided by 524.
486
What is the remainder when 3077951 is divided by 262?
237
Calculate the remainder when 919227 is divided by 1171.
1163
What is the remainder when 678080 is divided by 48427?
102
What is the remainder when 612705 is divided by 305368?
1969
What is the remainder when 6566215 is divided by 43?
29
What is the remainder when 3261091 is divided by 30?
1
What is the remainder when 374179 is divided by 91604?
7763
What is the remainder when 229969036 is divided by 26?
24
What is the remainder when 7345671 is divided by 2263?
2236
Calculate the remainder when 117275 is divided by 39020.
215
What is the remainder when 170446 is divided by 170312?
134
Calculate the remainder when 692848 is divided by 86600.
48
Calculate the remainder when 815985603 is divided by 2627.
2625
What is the remainder when 3751237 is divided by 144278?
9
Calculate the remainder when 96709649 is divided by 4.
1
Calculate the remainder when 8159 is divided by 3806.
547
Calculate the remainder when 374541 is divided by 134.
11
Calculate the remainder when 308971 is divided by 1576.
75
What is the remainder when 2200053 is divided by 41?
34
What is the remainder when 5477632 is divided by 46?
44
Calculate the remainder when 15121894 is divided by 5977.
84
What is the remainder when 476382 is divided by 476377?
5
What is the remainder when 2507082 is divided by 1971?
1941
Calculate the remainder when 2413902 is divided by 1854.
1848
What is the remainder when 78539 is divided by 19331?
1215
Calculate the remainder when 49468861 is divided by 47.
45
What is the remainder when 5510045 is divided by 29784?
5
Calculate the remainder when 215720 is divided by 9878.
8282
What is the remainder when 7715864 is divided by 2?
0
What is the remainder 